tens digit of o?
1
Let f(o) = -o**3 - 5*o**2 + 5*o - 8. Let a be f(-6). Let q = a - -7. Let p = 8 - q. What is the units digit of p?
3
Let z = 98 + -66. Suppose -z = -4*g + 2*g. What is the tens digit of g?
1
Let g be (-34)/(-9) + (-2)/(-9). What is the units digit of (g/(-8))/((-2)/4)?
1
Suppose 30 + 32 = r. What is the tens digit of r?
6
Let d be (-4)/(-18) - (-14)/18. What is the units digit of d*(-1)/2*-2?
1
Suppose 5*q - 5*l - 275 = -10*l, 5*q = -2*l + 284. What is the units digit of q?
8
Let p = -9 - -2. Let b(a) = a**2 - 5*a - 2. Let j be b(4). Let x = j - p. What is the units digit of x?
1
Suppose 3*a = -21 - 51. Let b = -14 - a. What is the tens digit of b?
1
Let z(s) = 5*s - 1 + 0 + 0 + 8 - 5*s**2 - s**3. What is the tens digit of z(-6)?
1
Suppose 3*a + 4 + 8 = 3*s, -5*s + a = -8. Let l be (-24 - (-3)/s) + 1. What is the units digit of ((-120)/(-25))/((-6)/l)?
6
Suppose 15*s = 11*s + 524. What is the units digit of s?
1
Let l be ((-12)/(-8))/(3/(-4)). Let v(h) = -2*h - 1. Let g be v(l). Suppose -14 = -o + g. What is the units digit of o?
7
Let a(i) = -i**2 + i + 67. Let j be a(0). Let p = j - 37. What is the tens digit of p?
3
Suppose 5*f - 37 = 13. Suppose 0 = 4*x - f - 10. Suppose -x*v - 4*l = l - 40, 4*l = -5*v + 39. What is the units digit of v?
7
Let q be 1/(-2)*(1 + -1). Suppose -f + 5 = -q*f. Let o = -1 + f. What is the units digit of o?
4
Suppose 2*b - 11 = -k, 0 = -k + b - 2*b + 14. What is the units digit of k?
7
Suppose -9*k = -k - 232. What is the tens digit of k?
2
What is the tens digit of ((-226)/4)/((-1)/(-2)*-1)?
1
Suppose y = 4*x - 18, -3*y + 5 = -8*y + 3*x. Suppose 3*z + 100 = 4*h + 5*z, 0 = y*z - 8. Let o = -14 + h. What is the units digit of o?
9
Let f(b) = -29*b + 28*b + 7 - 1. What is the units digit of f(3)?
3
Let i(p) be the first derivative of -p**5/60 - 7*p**4/24 - 2*p**3/3 - 3. Let q(z) be the third derivative of i(z). What is the units digit of q(-5)?
3
Let t be -2*((-2)/2)/1. Suppose 4*f = t*f. Suppose 2*v - 3 = -4*x + 5*x, 5*v - 2*x - 7 = f. What is the units digit of v?
1
Let s be 4/6 - 100/15. Let b be (s/12)/((-1)/6). Suppose k = 2*k - b. What is the units digit of k?
3
Suppose 11*m + 367 - 1698 = 0. What is the units digit of m?
1
Let r = 9 + -4. Suppose -38 = -4*c + 2*c - b, 3*b - 14 = -c. Suppose x = -3*j - j + c, r*j = -5*x + 40. What is the units digit of j?
4
Suppose 51 = -5*c + 2*c. Let a = -12 - c. Let b = a + -4. What is the units digit of b?
1
Let y(s) = -7*s - 3. Let n(i) = -2*i + 6. Let p be n(4). What is the units digit of y(p)?
1
Let c(g) = 7 - g**3 - 2*g + 0*g + 2*g - 7*g**2. What is the units digit of c(-7)?
7
Suppose -203 = -10*a + 987. What is the tens digit of a?
1
Let i(u) be the first derivative of u**4 + u**3/3 - 1. What is the units digit of i(1)?
5
Let h = -90 - -208. What is the tens digit of h?
1
Let w = 5 - -54. What is the units digit of w?
9
Let v(j) = j**3 - 5*j**2 + 3*j + 3. Let z be v(5). Suppose -3 = x - z. What is the tens digit of x?
1
Suppose -2*g + 0 + 1 = -d, -3*d = -3*g - 6. What is the units digit of d?
5
Let d = 58 + -28. What is the units digit of d?
0
Suppose 0 = -4*w - 3*x + 64, w - x + 3*x - 11 = 0. What is the units digit of w?
9
Let a(n) = n**3 - 2*n**2 - 5*n - 2. Let p(c) = 5*c**2 - 2*c + 1. Let d be p(1). What is the tens digit of a(d)?
1
Suppose 73 = 4*j - 207. What is the tens digit of j?
7
Suppose p = 3*p + 4, 2*p = -3*t - 4. Suppose 0 = -2*v - t + 6. What is the units digit of v?
3
Suppose -8 = s - w, 6*w = 2*w + 8. Let n be (6/(-5))/(s/15). What is the tens digit of (-2)/(4/(-22)) + n?
1
Suppose 0 = -3*b - 0*b + 147. What is the units digit of b?
9
Let i(s) = -6*s - 4. Let z be i(-3). Let n = -9 + z. What is the units digit of n?
5
Suppose -2*w - 2*w + 188 = -5*u, -5*w - u = -206. What is the units digit of w?
2
Let g = -1 + 13. Let s(l) = -l**3 - 15*l**2 + 17*l + 19. Let f be s(-16). Suppose 0 = f*y - 12 - g. What is the units digit of y?
8
Let i(k) = -16*k + 6. Let p be i(-6). Suppose -104 = -5*x + 3*u, 3*u = 5*x - u - p. What is the units digit of x?
2
Let m(o) = -3*o - 4. Let r be m(-3). What is the units digit of (2/r)/((-2)/(-50))?
0
Let q be 488/9 - (-6)/(-27). Let m = q + -37. What is the units digit of 3 + (m + 0)/1?
0
Let y(w) = w**2 + 8*w - 16. Let k(l) = -l**2 + l + 9. Let z be k(-4). What is the tens digit of y(z)?
1
What is the units digit of 28 + -1*(-1 + 2)?
7
Suppose 0 = h + 9*d - 12*d - 96, -d + 185 = 2*h. What is the tens digit of h?
9
What is the tens digit of 6/9 - 1752/(-18)*1?
9
Suppose 3*z - 3 - 3 = 0. Suppose -10*s + 15*s = -40. What is the units digit of (s/z)/(3 - 5)?
2
Let d = 19 + 16. What is the tens digit of d?
3
Let s be 0 + 2 + (1 - 3). Let x = -2 - -7. Suppose q + 1 = -3*o, -2*q + x*o + 32 - 1 = s. What is the units digit of q?
8
Let m = 5 - 8. Let i be 1/m*(-1 + -11). What is the units digit of (-12)/(-2)*2/i?
3
Let t = -64 + 94. What is the tens digit of t?
3
Let u be (-30)/(-3)*(-2)/(-5). Suppose u*g - 2*i - 28 = -0*i, 5*i = 0. What is the units digit of g?
7
Let q(z) = -4*z - 15. Let u(v) = v + 2. Let y be u(-8). What is the units digit of q(y)?
9
Let u be 2/3 + (-33)/9. Let q(w) be the second derivative of w**4/12 + w**3/3 - w**2 - 2*w. What is the units digit of q(u)?
1
What is the hundreds digit of (15471/15)/9 - 2/(-5)?
1
Let d = 11 + -10. Let q(f) = d + 2 - 6 + 2*f. What is the units digit of q(7)?
1
Let i = -4 - -4. Suppose l + l = i. What is the units digit of (-4 + l)*(5 - 7)?
8
Let t = 297 + -142. What is the tens digit of t?
5
Let i(w) = 7*w + 3. Let d be i(5). Suppose 14 = -2*x + d. What is the tens digit of x?
1
Suppose 0 = 21*h - 26*h + 1425. What is the units digit of h?
5
Let b be (-1087)/(-11) - 16/(-88). Let f = 139 - b. What is the tens digit of f?
4
Let r(c) = -c - 4. Let w be r(3). Let m(p) = p**3 + 7*p**2 - p - 9. Let z be m(w). What is the units digit of 18/(-4)*z + -2?
7
Let y = -25 - -37. Suppose 3*p + y = -p - 5*s, 3*p - 2*s = 14. What is the units digit of p?
2
Let s be (-4)/(-8)*(10 - 0). Suppose 0 = 4*f + 3*t - 9, -5*f - s*t + 2 = -8. Suppose 5*a = -f*l + 57, -4*l - 11 + 73 = 2*a. What is the tens digit of l?
1
Let f(o) = -o**2 - o + 14. Let g be (0*2/(-4))/(-1). What is the tens digit of f(g)?
1
Let g(s) be the third derivative of s**5/60 - s**4/8 + s**3/3 - s**2. Suppose 2*i - 6 = -0. What is the units digit of g(i)?
2
Suppose -2*z + y + 9 = -2*y, 0 = 3*z - 2*y - 11. Suppose z*w = 2*w + 11. Let k = 0 + w. What is the units digit of k?
1
Let d be 1 - (-1 - 0) - 1. Suppose -2*g - 6 = 4*x, 4*x = g - 11 - 10. Let z = g + d. What is the units digit of z?
6
Suppose -66 - 38 = -4*x. What is the tens digit of x?
2
Let l = 1 + -1. Let i(p) = l*p + p + 0*p. What is the units digit of i(3)?
3
Let p(v) = v**2 - 3*v - 1. Suppose -b + 0*b = -5. What is the units digit of p(b)?
9
Let w(m) = 3*m**2 - 38*m - 38. What is the tens digit of w(16)?
2
Suppose 0*q - 4*q = -3*x - 41, x - 33 = -2*q. What is the units digit of q?
4
Suppose 0*n + 3 = 3*n. Suppose 2*u + l - 27 = 0, u - 3*l - n = -l. Let q = 22 - u. What is the units digit of q?
1
Suppose -3*t + 5*t - 3*j - 249 = 0, j - 357 = -3*t. What is the tens digit of t?
2
What is the tens digit of (1 - 7/21)/((-2)/(-303))?
0
Suppose a = -a + p + 14, 2*p + 8 = 0. Let c be 3/(-6) + (-153)/(-6). Suppose 0*k - 25 = -a*k, 2*k - c = -3*h. What is the units digit of h?
5
Suppose 3*z + 0*z - 10 = -g, -140 = -5*g + 3*z. What is the tens digit of g?
2
Let v = 7 + -5. Let h = v - -1. Suppose h*c - 27 = -3. What is the units digit of c?
8
Let u be (-4)/14*(5 + -12). Suppose u*l + 10 = 52. What is the units digit of l?
1
Suppose -2*f + h = -21 - 25, 2*f - 58 = -2*h. What is the tens digit of f?
2
Suppose z - 5*z + 82 = q, -4*z - 4*q = -88. Suppose 0 = 4*o - 23 - 9. Let i = z - o. What is the units digit of i?
2
Suppose 4*g + a - 52 = 0, -3*g + 44 = 5*a - 3*a. Let z = g + -10. What is the units digit of z?
2
Let v(p) = -p - 8. Let n be v(-6). Let w be (-120)/(-28) - n/(-7). Suppose -4*t + w = -4*i - 0*i, -4*i + 14 = -t. What is the units digit of t?
6
Let n = 31 - 8. Let g = 41 - n. What is the units digit of g?
8
Suppose 5*v = v + 76. What is the tens digit of v?
1
Suppose 0 = 3*y - 6*y - 3. What is the units digit of 19/y*(-13)/13?
9
Let g(v) = -v**2 + 13*v -